1726 is divided by 4?
2
Calculate the remainder when 90 is divided by 48.
42
Calculate the remainder when 126 is divided by 19.
12
What is the remainder when 2591 is divided by 59?
54
What is the remainder when 91 is divided by 28?
7
Calculate the remainder when 67 is divided by 28.
11
Calculate the remainder when 146 is divided by 8.
2
What is the remainder when 3445 is divided by 268?
229
What is the remainder when 2826 is divided by 41?
38
What is the remainder when 96 is divided by 67?
29
Calculate the remainder when 270 is divided by 23.
17
What is the remainder when 39 is divided by 15?
9
Calculate the remainder when 6157 is divided by 154.
151
What is the remainder when 88 is divided by 13?
10
Calculate the remainder when 258 is divided by 78.
24
What is the remainder when 359 is divided by 123?
113
Calculate the remainder when 497 is divided by 271.
226
Calculate the remainder when 166 is divided by 61.
44
What is the remainder when 943 is divided by 276?
115
Calculate the remainder when 288 is divided by 10.
8
What is the remainder when 4581 is divided by 1527?
0
Calculate the remainder when 88 is divided by 14.
4
What is the remainder when 310 is divided by 26?
24
What is the remainder when 155 is divided by 12?
11
Calculate the remainder when 104 is divided by 54.
50
What is the remainder when 165 is divided by 3?
0
Calculate the remainder when 47 is divided by 7.
5
Calculate the remainder when 224 is divided by 114.
110
What is the remainder when 27 is divided by 3?
0
What is the remainder when 192 is divided by 14?
10
Calculate the remainder when 160 is divided by 49.
13
What is the remainder when 267 is divided by 116?
35
What is the remainder when 4464 is divided by 11?
9
What is the remainder when 121 is divided by 62?
59
Calculate the remainder when 1292 is divided by 12.
8
Calculate the remainder when 458 is divided by 33.
29
Calculate the remainder when 7571 is divided by 15.
11
Calculate the remainder when 409 is divided by 123.
40
What is the remainder when 551 is divided by 141?
128
What is the remainder when 130 is divided by 19?
16
What is the remainder when 196 is divided by 56?
28
Calculate the remainder when 1952 is divided by 115.
112
Calculate the remainder when 56 is divided by 4.
0
Calculate the remainder when 1109 is divided by 53.
49
Calculate the remainder when 817 is divided by 51.
1
What is the remainder when 187 is divided by 76?
35
Calculate the remainder when 28 is divided by 22.
6
What is the remainder when 500 is divided by 497?
3
Calculate the remainder when 1242 is divided by 38.
26
Calculate the remainder when 1054 is divided by 19.
9
Calculate the remainder when 143 is divided by 62.
19
Calculate the remainder when 140 is divided by 99.
41
What is the remainder when 531 is divided by 68?
55
What is the remainder when 1396 is divided by 35?
31
What is the remainder when 235 is divided by 60?
55
What is the remainder when 216 is divided by 74?
68
Calculate the remainder when 2490 is divided by 89.
87
What is the remainder when 272 is divided by 13?
12
Calculate the remainder when 191 is divided by 69.
53
Calculate the remainder when 247 is divided by 138.
109
Calculate the remainder when 362 is divided by 33.
32
Calculate the remainder when 545 is divided by 138.
131
What is the remainder when 88 is divided by 30?
28
What is the remainder when 609 is divided by 304?
1
What is the remainder when 60 is divided by 15?
0
What is the remainder when 272 is divided by 35?
27
Calculate the remainder when 159 is divided by 41.
36
Calculate the remainder when 37684 is divided by 11.
9
Calculate the remainder when 771 is divided by 256.
3
Calculate the remainder when 6320 is divided by 58.
56
What is the remainder when 322 is divided by 34?
16
Calculate the remainder when 759 is divided by 88.
55
What is the remainder when 1188 is divided by 5?
3
What is the remainder when 42 is divided by 12?
6
Calculate the remainder when 194 is divided by 94.
6
Calculate the remainder when 213 is divided by 104.
5
Calculate the remainder when 5950 is divided by 12.
10
Calculate the remainder when 77 is divided by 44.
33
Calculate the remainder when 497 is divided by 125.
122
Calculate the remainder when 2834 is divided by 354.
2
Calculate the remainder when 387 is divided by 26.
23
What is the remainder when 144 is divided by 16?
0
Calculate the remainder when 3079 is divided by 2.
1
What is the remainder when 656 is divided by 93?
5
Calculate the remainder when 3180 is divided by 54.
48
Calculate the remainder when 131 is divided by 41.
8
Calculate the remainder when 440 is divided by 12.
8
Calculate the remainder when 165 is divided by 24.
21
What is the remainder when 551 is divided by 139?
134
Calculate the remainder when 386 is divided by 117.
35
Calculate the remainder when 89 is divided by 18.
17
Calculate the remainder when 348 is divided by 32.
28
Calculate the remainder when 359 is divided by 114.
17
What is the remainder when 149 is divided by 107?
42
Calculate the remainder when 60 is divided by 9.
6
Calculate the remainder when 398 is divided by 30.
8
What is the remainder when 216 is divided by 33?
18
What is the remainder when 22 is divided by 8?
6
Calculate the remainder when 107 is divided by 47.
13
What is the remainder when 63 is divided by 20?
3
Calculate the remainder when 254 is divided by 76.
26
What is the remainder when 676 is divided by 97?
94
Calculate the remainder when 86 is divided by 30.
26
What is the remainder when 6928 is divided by 198?
196
Calculate the remainder when 5231 is divided by 1739.
14
What is the remainder when 354 is divided by 90?
84
What is the remainder when 59 is divided by 43?
16
What is the remainder when 1498 is divided by 17?
2
What is the remainder when 317 is divided by 16?
13
What is the remainder when 41 is divided by 20?
1
Calculate the remainder when 45 is divided by 16.
13
What is the remainder when 5398 is divided by 60?
58
What is the remainder when 42 is divided by 21?
0
What is the remainder when 376 is divided by 256?
120
Calculate the remainder when 127 is divided by 4.
3
Calculate the remainder when 4730 is divided by 20.
10
Calculate the remainder when 133 is divided by 64.
5
What is the remainder when 276 is divided by 40?
36
What is the remainder when 1055 is divided by 457?
141
What is the remainder when 4857 is divided by 162?
159
Calculate the remainder when 25 is divided by 7.
4
Calculate the remainder when 2328 is divided by 146.
138
Calculate the remainder when 59 is divided by 15.
14
What is the remainder when 58 is divided by 31?
27
What is the remainder when 195 is divided by 86?
23
Calculate the remainder when 1595 is divided by 41.
37
What is the remainder when 301 is divided by 171?
130
What is the remainder when 3393 is divided by 1131?
0
Calculate the remainder when 891 is divided by 151.
136
What is the remainder when 32 is divided by 19?
13
Calculate the remainder when 102 is divided by 27.
21
What is the remainder when 193 is divided by 27?
4
Calculate the remainder when 14839 is divided by 153.
151
What is the remainder when 165 is divided by 18?
3
Calculate the remainder when 2036 is divided by 21.
20
Calculate the remainder when 2502 is divided by 615.
42
What is the remainder when 2078 is divided by 65?
63
Calculate the remainder when 121 is divided by 35.
16
Calculate the remainder when 569 is divided by 32.
25
What is the remainder when 3399 is divided by 42?
39
Calculate the remainder when 284 is divided by 15.
14
Calculate the remainder when 1971 is divided by 68.
67
What is the remainder when 134 is divided by 15?
14
Calculate the remainder when 59 is divided by 13.
7
What is the remainder when 351 is divided by 167?
17
What is the remainder when 1646 is divided by 225?
71
What is the remainder when 2284 is divided by 4?
0
What is the remainder when 751 is divided by 32?
15
Calculate the remainder when 184 is divided by 50.
34
Calculate the remainder when 164 is divided by 17.
11
What is the remainder when 13 is divided by 3?
1
Calculate the remainder when 142 is divided by 29.
26
Calculate the remainder when 1731 is divided by 855.
21
Calculate the remainder when 485 is divided by 81.
80
What is the remainder when 546 is d